)?
9
Let r(h) = -32*h + 72*h - 38*h. Let w(c) = -7*c - 6. Let d(b) = 4*r(b) + w(b). Determine d(4).
-2
Let b be (-6)/(-4)*(-4)/(-3). Let q(d) = 3*d**3 + d + 2 - 3*d + 2*d**b - 4*d**3 - d. Let t = -67 + 69. Determine q(t).
-4
Let o(y) = -y**2 + 3*y + 6. Let w(u) = u**3 - 4*u - 9. Let f be w(4). Let p = 43 - f. Suppose 3*z = 4*q - 15, 3*q - q - p*z = 0. What is o(q)?
-12
Let r(l) = 14*l + 324. Let g be r(-23). Let k(s) = 19*s + 4. Calculate k(g).
42
Let j = -10215 + 10215. Let q(i) = i**2 - 6*i + 8. Calculate q(j).
8
Let v(c) be the first derivative of -c**3/3 - 27*c**2 - 676*c - 12329. Calculate v(-34).
4
Let z(g) = -6283*g**2 + 12566*g**2 + 9*g - 6282*g**2 + 23. Determine z(-6).
5
Let j(t) = -5*t**2 - 4 + 3*t**2 - t**3 + 0*t**3 + t. Let g be j(-3). Let z(d) = -32*d + 18. Let k(p) = -13*p + 7. Let l(q) = -5*k(q) + 2*z(q). Give l(g).
3
Let p(a) be the second derivative of -a**5/20 - 3*a**4/4 - 4*a**3/3 + 2*a**2 - 6*a + 30. Calculate p(-8).
4
Let h(c) = -2*c**2 - 17*c + 16. Let x(b) = -18*b + 46. Let r be x(3). Determine h(r).
24
Suppose -26*j + 182 + 104 = 0. Suppose -j*d - 95 = -30*d. Let g(b) = -2*b**2 + 6*b + 9. What is g(d)?
-11
Let p(x) be the second derivative of x**4/6 - 35*x**3/3 + 71*x**2/2 - 4062*x. Determine p(34).
3
Let r(n) be the third derivative of 5*n**4/8 + n**3/6 - 2*n**2 - 17*n + 8. Determine r(-4).
-59
Suppose -4*y = 5*k + 353 - 294, 4*k + 5*y = -58. Let l(o) = o**2 + 2*o - 45. Calculate l(k).
-10
Suppose 5*a = 5*q, 0 = 2*q + 2*a - 1 + 5. Let j(u) = -u**2 + 6*u - 14. Let l(g) = 5*g - 12. Let z(t) = -6*j(t) + 7*l(t). Give z(q).
7
Let u be 14/(1064/(-627)) - (-6)/(-8). Let h(t) = -t**2 - 4*t + 12. Calculate h(u).
-33
Let i(g) = g**2 - 4*g - 2. Suppose 9*h + 75 = -24. Suppose 4*d = -3*j - 2*j + 100, -42 = -2*j - 2*d. Let f = h + j. Determine i(f).
3
Let r(y) = 2*y - 1. Let p(s) = s**2 + s**2 - 19*s - 3*s**2 - 3*s**2 + 3*s**2 + 29. Let i(u) = p(u) + 6*r(u). Give i(-10).
-7
Let k(r) = 15*r + 27. Let h(m) = 2*m + 3. Let v(t) = -8*h(t) + k(t). Give v(8).
-5
Let x(n) = 6*n. Suppose 3*s = -8*s - 11. Let y(m) = m**2 - 3*m - 3. Let i(d) = -d - 1. Let h(t) = s*y(t) + 3*i(t). Let u(j) = -h(j) - x(j). Calculate u(6).
0
Suppose 4*m = 5*i - 40, 5*i + 5*m + 0*m - 85 = 0. Suppose 3*b = -k - 11, 0 = 15*k - i*k + 4*b + 23. Let t(s) = s**2 + 4*s + 4. Determine t(k).
9
Let z be 1/(3/(-336)*2). Let c(d) = 2*d**3 - 6*d**2 + 3*d + 12. Let a be c(4). Let q = a + z. Let o(m) = m**2 - m + 2. What is o(q)?
2
Let s(i) = 2*i + 8. Let g be s(-7). Let m(n) be the third derivative of 0*n + 0*n**4 + n**3 + 7*n**2 - 1/120*n**6 - 1/10*n**5 + 0. Calculate m(g).
6
Let g(f) = -9*f**2 + 33*f - 34. Let r(m) = 2*m**2 - 5*m + 2. Let z(t) = g(t) + 4*r(t). Determine z(5).
14
Let i(s) = -29*s + 60. Let d = 3785 + -3783. Give i(d).
2
Suppose 16*t = 6*t + 30. Let r(m) = -11*m - 139 + 10*m**2 - m**t + 264 - 131. Determine r(9).
-24
Let o(u) = 39*u - 1994. Let g be o(51). Let c(f) = 3*f**2 + 6*f. Give c(g).
45
Let q(d) = -d - 17. Suppose -2*l + 22 = -2*g - 0*g, 0 = g + 5*l - 19. Let c be (-3)/(g/8) - -18. Suppose -4*w - 10 = c. Calculate q(w).
-9
Let d(o) be the first derivative of -3*o - 1/2*o**2 - 249. Let j = -2 - -8. Determine d(j).
-9
Let u(r) = 122 - 5803*r**2 + 11591*r**2 + r**3 - 5799*r**2 - 7*r. Give u(10).
-48
Suppose -40 = 5*x + 2*u, 0*u = 4*x - 2*u + 14. Let f(q) = -953*q + 13. Let d(z) = 885*z - 12. Let n(j) = -14*d(j) - 13*f(j). Determine n(x).
5
Let q(w) = 17*w + 152. Let x(n) = -12*n - 130. Let j(v) = 6*q(v) + 7*x(v). Give j(6).
110
Let q(u) = -15*u**2 + 11*u - 2. Let f(x) = 8*x**2 - 5*x + 1. Let z(h) = 9*f(h) + 4*q(h). Suppose -22 = 4*j - 126. Suppose 4*l + 22 = j. Determine z(l).
12
Let f be ((5 - 3) + -3)/1. Let r(t) = -22*t**2 + 17*t - 12. Let o(p) = -10*p**2 + 7*p - 5. Let c(n) = 12*o(n) - 5*r(n). What is c(f)?
-9
Let c(x) = 2*x**2 + 7. Let d(b) = 3*b**2 - 2*b + 1. Let j(m) = -c(m) + d(m). Suppose -1 - 14 = -5*y. Give j(y).
-3
Suppose 0 = -0*u - 2*u. Let c(h) = 2*h**2 + 5*h - 13. Let t = -230 - -233. Let b(v) = -v**2 - 2*v + 6. Let m(w) = t*c(w) + 7*b(w). Determine m(u).
3
Let m(x) be the second derivative of 21*x + 1/20*x**5 + 0 + 3/2*x**2 + 1/6*x**3 + 0*x**4. Give m(0).
3
Let m be 4/(-18) - 173*(-1)/9. Suppose 11 = 3*f - 2*h, -14 = -4*f - m*h + 21*h. Let s(t) = -t**3 + 2*t**2 - 2*t + 1. Determine s(f).
-14
Let k(v) be the first derivative of 2*v**2 + 19. Let z(w) = -3*w - 17. Let d be z(-9). Suppose -f + d = f - 2*y, -4*f + 3*y = -16. Give k(f).
4
Let n be 5*(62/22 + (-30)/(-165)). Let j be ((-30)/9)/(n/(-18)). Let c(s) = -s**2 + 5. Give c(j).
-11
Let r(a) = -2*a**2 - 39*a + 7. Let p be -8*(138/52 + 30/(-2145)*11). Calculate r(p).
-13
Suppose -2*f + 99 = 116*t - 119*t, 2*f + 5*t = 43. Let m(q) = -7*q + 259. Give m(f).
-14
Let t be ((-2)/2)/(1/(-3)). Let d(u) = -3 - u + 12*u**3 - 3*u**t + 2 - u - u**2. Suppose 0 = 10*z - 606 + 616. What is d(z)?
-9
Let l(c) = 2*c**2 + 19*c + 1. Suppose -18 = r - 3*o, 4*o - 20 - 9 = 3*r. Let n(u) = -u**2 - 10*u. Let k(w) = r*l(w) - 5*n(w). Give k(-6).
3
Let q(z) = 106*z + 334. Let w be q(-3). Let m(f) = -5*f**2 + 81*f - 18. Determine m(w).
-2
Let r(l) = -8*l**3 - 4*l**2 + 3*l + 3. Let s be r(-4). Let b = s + -434. Let m(o) = -2*o + 10. What is m(b)?
0
Let v be (2 - 38/10)*-5. Let c(n) = 4*n**3 + v*n**3 - 12*n**3 - 4 - n**2 + 3. Determine c(1).
-1
Let z(x) = -941 - 43*x - 940 - 6*x**2 + 20*x + 1907 - 3*x**2. Give z(1).
-6
Suppose -1 - 18 = -f - 3*b, -3*b = -12. Let z(a) = 2*a - 10 - 2*a + 2*a + f - 3*a**2 - 2*a**2. Calculate z(2).
-19
Let p(v) be the second derivative of v**3/3 - 37*v**2/2 + 1305*v. What is p(9)?
-19
Let c(v) = -2*v**3 + 6*v**2 - 4*v + 7. Let u = 4 + -1. Let a be c(u). Let b be 0 - a - 2/(-2). Let y(l) = -2*l + 6. What is y(b)?
-6
Let a(i) = -2*i + 1. Let o(q) = 10*q - 6. Let x(c) = -11*a(c) - 2*o(c). Suppose -28 = -144*p + 148*p. Let h be ((-1)/((-2)/(-6)))/(p - -6). Calculate x(h).
7
Let s(i) be the second derivative of i**6/240 + 3*i**5/40 + 3*i**4/4 + 6*i. Let m(o) be the third derivative of s(o). Let h = 16 - 22. What is m(h)?
-9
Let r(s) = -1. Let i(f) = -2*f - 1. Let b(a) = -i(a) + 2*r(a). Let o(d) = 105 + 2*d - 59 + 20. Let x be o(-34). Determine b(x).
-5
Suppose 3*g + 5*z + 182 = 132, 0 = 3*g - z + 8. Let f(j) = -2*j**3 - 12*j**2 - 12*j - 9. What is f(g)?
1
Let c(t) be the second derivative of t**4/12 - 5*t**3/3 - 3*t**2 + 1066*t. Determine c(8).
-22
Let y(x) = x**3 + 24*x**2 + 24*x + 18. Let q be y(-23). Let i(b) = -6 + 8*b**2 + 8*b**2 + b - 19*b**2 + 4*b**2. Calculate i(q).
14
Let l(w) = -138*w**2 + 36*w + 17. Let a(r) = -310*r**2 + 72*r + 36. Let q(u) = -4*a(u) + 9*l(u). Calculate q(15).
99
Let j = 23 - -526. Let z = j + -542. Let n(a) = -a**2 + 5*a + 10. Determine n(z).
-4
Let u = 2 + 0. Let y be (-29)/(-1) - (-10)/(-2). Let q(d) = -3 + 3*d + y*d - 19*d. What is q(u)?
13
Let d(m) = m**3 - 7*m**2 + 5*m - 7. Let w(h) = -h**2 - 2*h + 170. Let b be w(-14). Suppose 8*c - b - 46 = 0. What is d(c)?
-13
Let t(i) = -49*i + 3133. Let f be t(64). Let k(m) = -m**3 - 2*m**2 + 2*m. Determine k(f).
3
Let g(v) be the second derivative of v**5/20 - v**4/12 - v**3/6 + 2*v**2 - 220*v - 4. Calculate g(3).
19
Suppose -d + 32 = d. Let l(v) = -52*v - 829. Let h be l(-16). Suppose -d*w = -13*w - h. Let m(a) = 14*a**3 + a**2 - 1. Give m(w).
14
Let y(o) be the first derivative of -2*o**3/3 - 13*o**2/2 - 13*o + 5452. What is y(-6)?
-7
Let c(u) = u**2 - 12*u - 35. Let p = 11546 - 11534. Calculate c(p).
-35
Let a = -634 - -647. Let c(n) = 21*n + 2*n**2 - 3*n**2 + 19*n - 24*n - 18. Calculate c(a).
21
Let u(b) be the third derivative of -b**5/30 + b**4/12 + b**3/6 - b**2 - 42*b. Let l(h) = -11*h**2 + 6*h + 1. Let o(s) = -l(s) + 4*u(s). What is o(-3)?
24
Suppose 0*q + 2*q + 6 = 0. Let o(t) = -t**3 - 21*t**2 - 20*t + 6. Let r be o(-20). Let a(c) = r*c**2 + 4*c - 4*c**2 + 20 + 15 - 35. Give a(q).
6
Let l = 163680 - 163672. Let x(w) be the third derivative of w**6/120 - 3*w**5/20 + 5*w**4/24 + 5*w**3/6 - w**2. Calculate x(l).
-19
Let n(t) = 7*t**3 - t + 7*t**3 - 26*t**3 - t**2. Calculate n(-1).
12
Let m(w) = -2*w. Let i(r) = 1. Suppose 13 = -4*l + 3*h, -2*l = -3*l - 5*h + 14. Let z(j) = l*m(j) + 5*i(j). Let c = -14 - -10. Calculate z(c).
-3
Let w(k) = -7*k**3 - 19*k**2 - 22*k - 10. Let u(f) = -f**3 - 3*f**2 - 4*f - 1. Let 